[BLOB]\">\r\n												\r\n												\r\n												\r\n												\r\n												\r\n												','33',0,0,'2017-01-31 08:31:07','0000-00-00','2017-02-20 08:57:52','0000-00-00 00:00:00',3,3,2,'','','','','',10,10,7,1,16,1,0,0,0,100000,'0000-00-00 00:00:00','0000-00-00 00:00:00',0);
INSERT INTO `tincidents` VALUES (104,2,7,0,'L\'imprimante du SFT n\'imprime plus','\"Vérifier l\'imprimante, Contacter le SAV\"\r\n												','20',0,0,'2017-02-02 15:50:59','2017-02-03','2017-02-03 09:50:52','0000-00-00 00:00:00',3,3,2,'','','','','',10,10,7,2,14,1,0,0,0,100000,'0000-00-00 00:00:00','0000-00-00 00:00:00',0),(105,2,16,0,'problème de transfert des dossiers dans facett','depuis 15 jours je n\'arrive plus a envoyer les fdp et dossiers de sessions dans facett, la boite de dialogue qui doit permettre de sélectionner le fichier ne fonctionne plus. Je passe par safari et j\'ai l\'impression que la dernière mise à jour (qui a résolu un bug avec dropbox) a créé ce soucis.<div>En passant par firefox celà semble marcher mieux.</div>','37',0,0,'2017-02-15 08:16:38','0000-00-00','0000-00-00 00:00:00','0000-00-00 00:00:00',3,6,4,'bug-facett-1402.tiff','','','','',0,5,37,1,8,0,0,0,0,100001,'0000-00-00 00:00:00','0000-00-00 00:00:00',0),(106,2,7,0,'Plus d\'internet / téléphone','Plus d\'internet / téléphone\r\n												\r\n												\r\n												','14',0,0,'2017-02-20 08:50:55','2017-02-20','2017-02-20 08:47:01','0000-00-00 00:00:00',3,1,1,'','','','','',30,30,7,5,0,1,0,0,0,100000,'0000-00-00 00:00:00','0000-00-00 00:00:00',0),(107,2,7,0,'La connexion à l\'ordinateur distant ne fonctionne plus','La connexion à l\'ordinateur distant ne fonctionne plus\r\n												\r\n												\r\n												\r\n												\r\n												','14',0,0,'2017-02-20 08:52:19','2017-02-20','2017-02-20 08:48:44','0000-00-00 00:00:00',3,4,3,'','','','','',10,10,7,1,25,1,0,0,0,100000,'0000-00-00 00:00:00','0000-00-00 00:00:00',0),(108,1,7,0,'Câblage de la salle 5','Câblage de la salle 5\r\n												\r\n												\r\n												\r\n												','14',0,0,'2017-03-09 13:45:00','2017-03-09','2017-03-09 09:59:50','0000-00-00 00:00:00',3,6,4,'','','','','',10,10,7,2,17,1,0,0,0,100000,'0000-00-00 00:00:00','0000-00-00 00:00:00',0),(109,1,7,0,'Mis en place d\'un nouveau PC','La tablette étant HS pour la troisième fois, on à reesayer de mettre un ancien PC mais ce dernier est également HS','13',0,0,'2017-03-14 15:40:05','2017-03-14','2017-03-14 15:35:58','0000-00-00 00:00:00',3,3,2,'','','','','',10,10,7,2,2,1,0,0,0,100000,'0000-00-00 00:00:00','0000-00-00 00:00:00',0),(110,1,7,0,'Achat d\'un sac à dos pour Tanguy','Achat d\'un sac à dos pour Tanguy\r\n												\r\n												\r\n												\r\n												\r\n												\r\n												','20',0,0,'2017-03-20 09:23:00','2017-03-24','2017-03-24 11:35:51','0000-00-00 00:00:00',3,5,4,'','','','','',30,30,7,3,10,1,0,0,0,100000,'0000-00-00 00:00:00','0000-00-00 00:00:00',0),(111,1,7,0,'Nouvelle carte SIM pour le 06.10.54.63.15 ','Nouvelle carte SIM pour le 06.10.54.63.15 \r\n												\r\n												\r\n												\r\n												\r\n												\r\n												\r\n												\r\n												\r\n												','7',0,0,'2017-03-20 09:43:49','2017-03-20','2017-03-23 14:46:03','0000-00-00 00:00:00',3,4,3,'','','','','',30,30,7,2,20,1,0,0,0,100000,'0000-00-00 00:00:00','0000-00-00 00:00:00',0),(112,2,7,0,'Ordi s\'allume mais n\'affiche plus rien','Ordi s\'allume mais n\'affiche plus rien','14',0,0,'2017-03-28 14:30:00','2017-03-28','2017-03-28 14:45:02','0000-00-00 00:00:00',3,1,1,'','','','','',30,30,7,2,2,1,0,0,0,100000,'0000-00-00 00:00:00','0000-00-00 00:00:00',0),(113,2,7,0,'Poste ne s\'allume plus','\"Yann a chan gé le tél mais l’ordi de Séverine ne s’allume\r\nplus<p class=\"MsoNormal\"><o:p></o:p></p>\r\n\r\n<p class=\"MsoNormal\">Tu peux passer stp\"<o:p></o:p></p>\r\n												\r\n												\r\n												\r\n												','14',0,0,'2017-03-30 09:15:11','0000-00-00','2017-03-30 09:28:44','0000-00-00 00:00:00',3,6,4,'','','','','',10,10,7,2,19,1,0,0,0,100000,'0000-00-00 00:00:00','0000-00-00 00:00:00',0),(114,2,7,0,'Pas de réseau suite au passage de la TOIP Orange','Le technicien Orange à pris le câble du collègue pour brancher sur le téléphone','13',0,0,'2017-03-30 10:04:33','0000-00-00','2017-03-30 10:06:28','0000-00-00 00:00:00',3,2,2,'','','','','',30,30,7,2,22,1,0,0,0,100000,'0000-00-00 00:00:00','0000-00-00 00:00:00',0),(115,1,7,0,'Ajout d\'une imprimante','Ajouter une imprimante dans les bungalows, car il se font amené le copieur que demain','14',0,0,'2017-04-06 10:00:00','2017-04-06','2017-04-06 10:36:45','0000-00-00 00:00:00',3,3,2,'','','','','',45,45,7,2,14,1,0,0,0,100000,'0000-00-00 00:00:00','0000-00-00 00:00:00',0),(116,2,7,0,'problème d\'impression','Bonjour Eddy,<div><br></div><div>Je n\'arrive pas à imprimer sur les 2 imprimantes depuis hier. Je suis en wifi salle 12.</div><div>j\'ai essayé ta technique en redémarrant le PC mais tjrs pas.... J\'ai une fenêtre sur un problème de configuration d\'imprimante.</div><div>Peux-tu m\'aider ?</div>\r\n												','15',0,0,'2017-05-16 16:36:58','2017-05-16','2017-05-16 16:45:00','0000-00-00 00:00:00',3,6,3,'','','','','',5,5,15,2,14,1,0,0,0,100000,'0000-00-00 00:00:00','0000-00-00 00:00:00',0),(117,2,7,0,'Changement d\'ordi','Multiples soucis de lenteur, de plantage&nbsp;\r\n												\r\n												\r\n												\r\n												','20',0,0,'2017-10-06 09:18:03','0000-00-00','2018-01-08 15:46:19','0000-00-00 00:00:00',3,1,3,'','','','','',10,10,7,2,2,1,0,0,0,100000,'0000-00-00 00:00:00','0000-00-00 00:00:00',0),(118,1,7,0,'Clé Wifi Livebox pour synchro','Clé Wifi Livebox pour synchro dropbox ?','35',0,0,'2017-10-06 10:40:09','0000-00-00','2017-10-06 10:41:11','0000-00-00 00:00:00',3,6,4,'','','','','',1,1,7,4,0,1,0,0,0,100000,'0000-00-00 00:00:00','0000-00-00 00:00:00',0),(119,2,7,0,'Conflit d\'adresse ip','Conflit d\'adresse ip (Robert Galot)','25',0,0,'2017-10-06 11:25:00','2017-10-06','2017-10-06 11:38:18','0000-00-00 00:00:00',3,6,4,'','','','','',10,10,7,4,0,1,0,0,0,100000,'0000-00-00 00:00:00','0000-00-00 00:00:00',0),(120,1,7,0,'Remplacement du poste de travail','Remplacement de la tablette PC Dell par le MAC de Yannick Marie&nbsp;\r\n												\r\n												\r\n												\r\n												<div><br></div><div><i><font size=\"2\">-&gt; C\'est celui que Bernard Lachery utilisais au final et pas de celui de Yannick Marie</font></i></div>\r\n												','35',0,0,'2017-10-06 13:49:59','2017-10-25','2017-10-25 14:18:36','0000-00-00 00:00:00',3,4,3,'','','','','',240,240,7,2,2,1,0,0,0,100000,'0000-00-00 00:00:00','0000-00-00 00:00:00',0),(121,1,7,0,'Récup de la tablette PC Dell','Récupération de la tablette PC Dell au plus vite\r\n												\r\n												','40',0,0,'2017-10-06 13:59:50','0000-00-00','2017-10-23 15:14:47','0000-00-00 00:00:00',3,6,4,'','','','','',5,5,7,2,2,1,0,0,0,100000,'0000-00-00 00:00:00','0000-00-00 00:00:00',0),(122,3,7,0,'Prolonger Office avec l\'activator','\r\n												\r\n												\r\n												\r\n												\r\n												\r\n												','7',0,0,'2017-10-06 14:14:27','2017-10-10','2017-11-03 09:52:36','0000-00-00 00:00:00',3,2,3,'','','','','',1,5,7,1,1,1,0,0,0,100000,'0000-00-00 00:00:00','0000-00-00 00:00:00',0),(123,1,7,0,'Récupération d\'anciennes demandes d\'achat','Récupération d\'anciennes demandes d\'achat (mini dossier 2016) sur l\'ancien serveur\r\n												\r\n												','41',0,0,'2017-10-06 16:07:45','2017-10-09','2017-10-09 08:48:45','0000-00-00 00:00:00',3,5,4,'','','','','',180,180,7,1,16,1,0,0,0,100000,'0000-00-00 00:00:00','0000-00-00 00:00:00',0),(124,1,7,0,'Fichier dropbox effacé par rerreur','Bonjour Eddy,<div>Pourrait tu me récupérer le fichier LE_003.xlsm</div><div>- sur le répertoire : Dropbox (SFN)\\05 - SP - Animations Maintenance\\Electrotechnique\\ARCELOR\\Filière électromécanicien\\LE003 Maintenance des matériels électriques\\&nbsp;</div><div>- dans une version antérieure à 22h00 le 09/10/2017, heure ou je l\'ai écrasé par erreur.</div><div>merci</div>\r\n												','41',0,0,'2017-10-09 22:37:05','2017-10-10','2017-10-10 08:35:14','0000-00-00 00:00:00',3,6,3,'','','','','',30,30,41,4,0,1,0,0,0,100000,'0000-00-00 00:00:00','0000-00-00 00:00:00',0),(125,2,7,0,'Wifi en mode limité','Wifi en mode limité\r\n												\r\n												\r\n												\r\n												\r\n												','42',0,0,'2017-10-10 08:54:09','2017-10-10','2017-10-10 08:57:48','0000-00-00 00:00:00',3,4,3,'','','','','',5,5,7,2,13,1,0,0,0,100000,'0000-00-00 00:00:00','0000-00-00 00:00:00',0),(126,2,7,0,'Plus d\'internet','Plus d\'internet\r\n												\r\n												\r\n												\r\n												','7',0,0,'2017-10-10 10:20:19','2017-10-10','2017-10-10 10:37:01','0000-00-00 00:00:00',3,1,2,'','','','','',10,10,7,2,0,1,0,0,0,100000,'0000-00-00 00:00:00','0000-00-00 00:00:00',0),(127,3,7,0,'L\'affichage du planning au SFT  ne fonctionne pas','Le planning ne s\'affiche plus\r\n												\r\n												\r\n												','32',0,0,'2017-10-10 10:55:00','2017-10-10','2017-10-10 11:10:10','0000-00-00 00:00:00',3,6,4,'','','','','',5,5,7,5,0,1,0,0,0,100000,'0000-00-00 00:00:00','0000-00-00 00:00:00',0),(128,1,7,0,'Accès Julien Beaugrand','Peux-tu donner accès en lecture au dossier :&nbsp;F:\\Dropbox (SFN)\\05 - SP - Animations autres nucléaire à Julien ?<div><br></div><div>Merci</div>\r\n												\r\n												','20',0,0,'2017-10-11 09:48:08','2017-10-11','2017-10-11 10:09:28','0000-00-00 00:00:00',3,4,3,'','','','','',1,1,20,6,0,1,0,0,0,100000,'0000-00-00 00:00:00','0000-00-00 00:00:00',0),(129,1,7,0,'Nouveau téléphone fixe','<p><span style=\"font-size:12.0pt;color:black\">as tu un amarys S220&nbsp; ou\r\ncordon ????<o:p></o:p></span></p>\r\n\r\n<p><span style=\"font-size:12.0pt;color:black\">pb sur le mien<o:p></o:p></span></p>\r\n\r\n<p><span style=\"font-size:12.0pt;color:black\">Merci<o:p></o:p></span></p>\r\n												\r\n												\r\n												\r\n												\r\n												\r\n												\r\n												','22',0,0,'2017-10-11 10:51:17','2017-10-17','2017-10-17 14:00:16','0000-00-00 00:00:00',3,6,4,'','','','','',10,10,7,2,19,1,0,0,0,100000,'0000-00-00 00:00:00','0000-00-00 00:00:00',0),(130,2,7,0,'Dossier qui disparaissent d\'une boîte mail générique','Dossier qui ont disparu de formation.nucleaire@socotec.com<div><ol><li>Martine</li><li>Important</li></ol></div>\r\n												','28',0,2,'2017-10-11 10:57:44','0000-00-00','0000-00-00 00:00:00','0000-00-00 00:00:00',6,1,1,'','','','','',10,10,7,1,15,1,0,0,0,100000,'0000-00-00 00:00:00','0000-00-00 00:00:00',0),(131,1,7,0,'Batterie Vostro 3750','Batterie pour Dell Vostro 3750<br>\r\n												','40',0,0,'2017-10-12 15:06:33','2017-10-12','2017-10-12 15:07:13','0000-00-00 00:00:00',3,6,4,'','','','','',5,5,7,2,2,1,0,0,0,100000,'0000-00-00 00:00:00','0000-00-00 00:00:00',0),(132,1,7,0,'Câble VGA','Câble du vidéoprojecteur n°8 HS\r\n												','20',0,0,'2017-10-16 16:40:00','2017-10-17','2017-10-17 09:40:11','0000-00-00 00:00:00',3,4,3,'','','','','',5,5,7,2,17,1,0,0,0,100000,'0000-00-00 00:00:00','0000-00-00 00:00:00',0),(133,3,7,0,'Espace disque faible','Espace disque faible sur \"DATA\"','33',0,0,'2017-10-20 10:00:53','2017-10-20','2017-10-20 10:27:32','0000-00-00 00:00:00',3,3,3,'','','','','',30,30,7,2,2,1,0,0,0,100000,'0000-00-00 00:00:00','0000-00-00 00:00:00',0),(134,3,7,0,'Fichier Word qui ne s\'ouvre plus','Fichier Word qui ne s\'ouvre plus\r\n												\r\n												\r\n												\r\n												','39',0,0,'2017-10-23 11:00:20','2017-10-23','2017-10-23 14:30:28','0000-00-00 00:00:00',3,4,3,'','','','','',30,30,7,1,1,1,0,0,0,100000,'0000-00-00 00:00:00','0000-00-00 00:00:00',0),(135,1,7,0,'Lenteur du PC','Depuis quelques temps l\'ouverture des fichiers Office est vraiment très longue','34',0,0,'2017-10-23 15:07:39','2017-10-23','2017-10-23 10:14:18','0000-00-00 00:00:00',3,6,4,'','','','','',30,30,7,2,2,1,0,0,0,100000,'0000-00-00 00:00:00','0000-00-00 00:00:00',0),(136,1,7,0,'Demande d\'un PC pour fichier Word avec macro','Il faudrais faire parvenir un PC avec Word pour pouvoir travailler sur un fichier avec des macros qui ne passent pas sous MAC.<div>Le PC sera pour Françis Chagneau pour une durée d\'un mois</div>\r\n												','43',0,0,'2017-10-24 09:35:22','0000-00-00','2017-10-24 10:20:43','0000-00-00 00:00:00',3,2,3,'','','','','',10,10,7,2,2,1,0,0,0,100000,'0000-00-00 00:00:00','0000-00-00 00:00:00',0),(137,3,7,0,'Bruit important sur le videoprojecteur salle 20','Bruit important sur le vidéoprojecteur salle 20\r\n												\r\n												\r\n												\r\n												\r\n												\r\n												\r\n												','20',0,0,'2017-10-24 09:42:23','0000-00-00','2017-11-20 08:46:26','0000-00-00 00:00:00',3,3,3,'','','','','',5,5,7,2,5,1,0,0,0,100000,'0000-00-00 00:00:00','0000-00-00 00:00:00',0),(138,1,7,0,'Mot de passe oublié','Il faudrait réinitaliser le mot de passe de messagerie de Mr Chagneau francis, son numéro de téléphone est le : 06.74.73.00.07\r\n												','43',0,0,'2017-10-24 16:04:43','0000-00-00','2017-10-24 16:30:44','0000-00-00 00:00:00',3,4,3,'','','','','',10,10,7,1,15,1,0,0,0,100004,'0000-00-00 00:00:00','0000-00-00 00:00:00',0),(139,1,7,0,'Fermeture de compte suite à un départ','Il faudrait fermer les comptes de Ziane suite à son départ.','44',0,0,'2017-10-26 08:47:31','0000-00-00','2017-10-26 08:50:06','0000-00-00 00:00:00',3,6,4,'','','','','',10,10,7,5,0,1,0,0,0,100004,'0000-00-00 00:00:00','0000-00-00 00:00:00',0),(140,1,7,0,'Changement de poste','Remplacement de la tablette PC par l\'ordinateur que Delphine utilisais.&nbsp;<div>- reformatage de l\'ordi<br><div><br></div></div>\r\n												','42',0,0,'2017-10-27 08:41:33','0000-00-00','2017-11-03 09:52:05','0000-00-00 00:00:00',3,4,3,'','','','','',240,240,7,2,2,1,0,0,0,100000,'0000-00-00 00:00:00','0000-00-00 00:00:00',0),(141,2,7,0,'Message d\'erreur à l\'ouverture de certains documents','Message d\'erreur à l\'ouverture de certains documents\r\n												\r\n												\r\n												\r\n												\r\n												\r\n												','39',0,0,'2017-10-30 10:59:09','0000-00-00','0000-00-00 00:00:00','0000-00-00 00:00:00',3,4,3,'','','','','',45,45,7,1,1,1,0,0,0,100000,'0000-00-00 00:00:00','0000-00-00 00:00:00',0),(142,1,7,0,'Installation d\'un logiciel','Installation d\'un logiciel\r\n												\r\n												\r\n												\r\n												\r\n												','22',0,0,'2017-10-30 16:15:09','0000-00-00','2017-11-03 09:51:43','0000-00-00 00:00:00',3,6,4,'','','','','',5,5,7,1,16,1,0,0,0,100000,'0000-00-00 00:00:00','0000-00-00 00:00:00',0),(143,1,7,0,'cable telephone portable HS','Bonjour Eddy,<div><br></div><div>pourrais tu me fournir un nouveau cable car le mien est défaillant et je n\'arrive quasiment plus à charger mon téléphone portable professionnel. Par avance merci</div><div><br></div><div>Laetitia</div>\r\n												\r\n												\r\n												\r\n												','31',0,0,'2018-01-09 09:12:27','0000-00-00','2018-01-09 16:30:04','0000-00-00 00:00:00',3,6,4,'','','','','',1,5,31,2,20,1,0,0,0,100000,'0000-00-00 00:00:00','0000-00-00 00:00:00',0),(144,1,7,0,'Difficulté avec le tactile','Un stagiaire à du mal avec le tactile des tablettes. Y a t\'il possibilité de mettre une souris ?\r\n												','31',0,0,'2018-04-10 13:49:19','2018-04-10','0000-00-00 00:00:00','0000-00-00 00:00:00',6,4,3,'','','','','',5,5,7,2,23,1,0,0,0,100000,'0000-00-00 00:00:00','0000-00-00 00:00:00',0),(145,1,7,0,'changement de nom dans l\'adresse mail','Chloé CASTELOOT -&gt; Chloé YALAOUI','35',0,3,'2018-04-10 14:04:23','0000-00-00','0000-00-00 00:00:00','0000-00-00 00:00:00',2,4,3,'','','','','',5,5,7,1,15,1,0,0,0,100000,'0000-00-00 00:00:00','0000-00-00 00:00:00',0),(146,2,7,0,'Pc Prestataire soucis de mise à jour','Pc Prestataire soucis de mise à jour qui essaye de se faire en boucle\r\n												','20',0,3,'2018-04-10 14:08:25','0000-00-00','0000-00-00 00:00:00','0000-00-00 00:00:00',6,1,2,'','','','','',10,10,7,2,2,1,0,0,0,100000,'0000-00-00 00:00:00','0000-00-00 00:00:00',0),(147,1,7,0,'Remettre les imprimantes du site de Dunkerque','Remettre les imprimantes du site de Dunkerque\r\n												\r\n												\r\n												\r\n												\r\n												','39',0,0,'2018-04-10 14:39:56','2018-04-10','2018-04-10 14:41:00','0000-00-00 00:00:00',3,5,4,'','','','','',5,5,7,2,14,1,0,0,0,100000,'0000-00-00 00:00:00','0000-00-00 00:00:00',0),(148,2,7,0,'Téléphone fixe ne peux plus appeler','Téléphone fixe ne peux plus appeler\r\n												\r\n												\r\n												\r\n												\r\n												\r\n												','13',0,0,'2018-04-10 14:43:49','2018-04-10','2018-04-10 15:29:40','0000-00-00 00:00:00',3,3,3,'','','','','',30,30,7,2,19,1,0,0,0,100000,'0000-00-00 00:00:00','0000-00-00 00:00:00',0),(149,1,7,0,'Installation TeamViewer','Installation de la dernière version de teamviewer en vue d\'un réunion Vendredi matin 9h30\r\n												','33',0,0,'2018-04-11 09:04:17','2018-04-11','2018-04-11 09:20:53','0000-00-00 00:00:00',3,6,4,'','','','','',10,10,7,1,16,1,0,0,0,100000,'0000-00-00 00:00:00','0000-00-00 00:00:00',0),(150,2,7,0,'Soucis d\'impressions','Plus d\'impressions sur le poste Intérim\r\n												','14',0,0,'2018-04-11 16:45:32','0000-00-00','2018-04-11 16:56:36','0000-00-00 00:00:00',3,3,2,'','','','','',30,30,7,2,14,1,0,0,0,100000,'0000-00-00 00:00:00','0000-00-00 00:00:00',0),(151,1,7,0,'Demande de devis pour vitre de téléphone cassée','Demande de devis pour vitre de téléphone cassée<div>Téléphone : GT-i9505 - Samsung Galaxy S4</div>','33',0,3,'2018-04-12 10:48:04','0000-00-00','0000-00-00 00:00:00','0000-00-00 00:00:00',6,3,3,'tel_phi.jpg','','','','',30,30,7,2,20,1,0,0,0,100000,'0000-00-00 00:00:00','0000-00-00 00:00:00',0),(152,1,7,0,'Soucis avec la prise Jack du micro cravate ','La prise rentre dans l’émetteur sans faire de connexion','15',0,3,'2018-04-12 13:43:19','0000-00-00','0000-00-00 00:00:00','0000-00-00 00:00:00',6,4,4,'','','','','',5,5,7,2,27,1,0,0,0,100000,'0000-00-00 00:00:00','0000-00-00 00:00:00',0);

--
-- Table structure for table `tmails`
--

CREATE TABLE `tmails` (
  `id` int(10) NOT NULL AUTO_INCREMENT,
  `incident` int(10) NOT NULL,
  `open` int(1) NOT NULL,
  `close` int(1) NOT NULL,
  PRIMARY KEY (`id`)
) ENGINE=InnoDB AUTO_INCREMENT=125 DEFAULT CHARSET=latin1;

--
-- Dumping data for table `tmails`
--

INSERT INTO `tmails` VALUES (1,19,1,1),(2,16,1,1),(3,25,1,0),(4,26,1,0),(5,27,1,0),(6,28,1,0),(7,29,1,1),(8,30,1,0),(9,32,1,0),(10,33,1,0),(11,31,1,0),(12,34,1,1),(13,35,1,1),(14,36,1,0),(15,37,1,1),(16,38,1,1),(17,40,1,1),(18,39,1,1),(19,42,1,1),(20,43,1,1),(21,44,1,1),(22,45,1,0),(23,47,1,0),(24,49,1,0),(25,50,1,0),(26,51,1,1),(27,52,1,1),(28,54,1,1),(29,55,1,1),(30,56,1,1),(31,57,1,0),(32,59,1,1),(33,60,1,0),(34,61,1,1),(35,62,1,0),(36,63,1,0),(37,64,1,0),(38,65,1,1),(39,66,1,0),(40,67,1,1),(41,69,1,1),(42,70,1,1),(43,71,1,1),(44,72,1,0),(45,73,1,1),(46,74,1,0),(47,75,1,0),(48,76,1,0),(49,77,1,0),(50,78,1,0),(51,79,1,0),(52,80,1,0),(53,81,1,0),(54,82,1,1),(55,83,1,0),(56,84,1,0),(57,85,1,1),(58,86,1,0),(59,87,1,0),(60,88,1,0),(61,89,1,0),(62,90,1,1),(63,91,1,1),(64,92,1,0),(65,93,1,0),(66,94,1,1),(67,95,1,1),(68,96,1,0),(69,97,1,0),(70,98,1,1),(71,99,1,1),(72,100,1,0),(73,101,1,0),(74,102,1,1),(75,103,1,1),(76,104,1,1),(77,105,1,0),(78,106,1,0),(79,107,1,0),(80,108,1,0),(81,109,1,0),(82,110,1,1),(83,111,1,1),(84,112,1,0),(85,113,1,1),(86,114,1,0),(87,115,1,0),(88,116,1,0),(89,117,1,1),(90,118,1,0),(91,119,1,0),(92,120,1,1),(93,121,1,1),(94,122,1,1),(95,123,1,1),(96,124,1,0),(97,125,1,0),(98,126,1,0),(99,127,1,0),(100,128,1,1),(101,129,1,1),(102,130,1,0),(103,131,1,1),(104,132,1,1),(105,133,1,0),(106,134,1,0),(107,135,1,0),(108,136,1,1),(109,137,1,1),(110,138,1,1),(111,139,1,0),(112,140,1,1),(113,141,1,1),(114,142,1,1),(115,143,1,1),(116,144,1,0),(117,145,1,0),(118,146,1,0),(119,147,1,0),(120,148,1,1),(121,149,1,1),(122,150,1,1),(123,151,1,0),(124,152,1,0);

--
-- Table structure for table `tplaces`
--

CREATE TABLE `tplaces` (
  `id` int(5) NOT NULL AUTO_INCREMENT,
  `name` varchar(50) NOT NULL,
  PRIMARY KEY (`id`)
) ENGINE=InnoDB AUTO_INCREMENT=100008 DEFAULT CHARSET=latin1;

--
-- Dumping data for table `tplaces`
--

INSERT INTO `tplaces` VALUES (100000,'Dunkerque'),(100001,'Bollène'),(100002,'Dieppe'),(100003,'Blyes'),(100004,'Lagnieu'),(100005,'Variable'),(100006,'L\'ensemble des sites'),(100007,'Pierrelatte');

--
-- Table structure for table `tpriority`
--

CREATE TABLE `tpriority` (
  `id` int(2) NOT NULL AUTO_INCREMENT,
  `number` int(2) NOT NULL,
  `name` varchar(50) NOT NULL,
  `color` varchar(15) NOT NULL,
  PRIMARY KEY (`id`)
) ENGINE=InnoDB AUTO_INCREMENT=7 DEFAULT CHARSET=latin1;

--
-- Dumping data for table `tpriority`
--

INSERT INTO `tpriority` VALUES (1,0,'Urgent','#d15b47'),(2,1,'Très haute','#f89406'),(3,2,'Haute','#f8c806'),(4,3,'Moyenne','#e7ef20'),(5,4,'Basse','#c2c921'),(6,5,'Très basse','#82af6f');

--
-- Table structure for table `tprocedures`
--

CREATE TABLE `tprocedures` (
  `id` int(5) NOT NULL AUTO_INCREMENT,
  `category` int(5) NOT NULL,
  `subcat` int(5) NOT NULL,
  `name` varchar(100) NOT NULL,
  `text` mediumtext NOT NULL,
  `file1` varchar(30) NOT NULL,
  `disable` int(1) NOT NULL,
  PRIMARY KEY (`id`)
) ENGINE=InnoDB AUTO_INCREMENT=11 DEFAULT CHARSET=latin1;

--
-- Dumping data for table `tprocedures`
--

INSERT INTO `tprocedures` VALUES (1,2,2,'Procédure 1 test (exemple de disfonctionnement)','Procédure test n°1 avec insertion d\'image<div><img src=\"data:image/png;base64,[BLOB]